{"id":632,"date":"2017-07-12T11:21:03","date_gmt":"2017-07-12T09:21:03","guid":{"rendered":"http:\/\/la-montez-papillons.de.w016d93c.kasserver.com\/de\/?page_id=632"},"modified":"2017-07-17T00:57:26","modified_gmt":"2017-07-16T22:57:26","slug":"2014-2","status":"publish","type":"page","link":"https:\/\/la-montez.de\/en\/2014-2\/","title":{"rendered":"2014"},"content":{"rendered":"<p style=\"text-align: center;\">Our Festus got 2 years in March. Thank you Doreen for the nice pic.<\/p>\n<p><img decoding=\"async\" loading=\"lazy\" class=\"size-full wp-image-688 aligncenter\" src=\"http:\/\/la-montez-papillons.de.w016d93c.kasserver.com\/de\/wp-content\/uploads\/2017\/07\/Festus2J-1.jpg-1.jpg\" alt=\"\" width=\"576\" height=\"344\" srcset=\"https:\/\/la-montez.de\/wp-content\/uploads\/2017\/07\/Festus2J-1.jpg-1.jpg 576w, https:\/\/la-montez.de\/wp-content\/uploads\/2017\/07\/Festus2J-1.jpg-1-300x179.jpg 300w\" sizes=\"(max-width: 576px) 100vw, 576px\" \/><\/p>\n<p>&nbsp;<\/p>\n<p style=\"text-align: center;\">Our Sweet little Butterfly Maisy went to her senior residence. Now she get daily cooked meals and her own human like a queen it needs.\nAt the pic her new owner and<br \/>\nsome walking friends.<\/p>\n<p style=\"text-align: center;\"><img decoding=\"async\" loading=\"lazy\" class=\"wp-image-689 aligncenter\" src=\"http:\/\/la-montez-papillons.de.w016d93c.kasserver.com\/de\/wp-content\/uploads\/2017\/07\/Maisy.jpg\" alt=\"\" width=\"626\" height=\"835\" srcset=\"https:\/\/la-montez.de\/wp-content\/uploads\/2017\/07\/Maisy.jpg 600w, https:\/\/la-montez.de\/wp-content\/uploads\/2017\/07\/Maisy-225x300.jpg 225w, https:\/\/la-montez.de\/wp-content\/uploads\/2017\/07\/Maisy-768x1024.jpg 768w\" sizes=\"(max-width: 626px) 100vw, 626px\" \/><br \/>\n<img width=\"307\" height=\"404\" \/><br \/>\nThank you Ingrid for the nice pic!\u00a0<span class=\"auto-style1\">A nice trip with my dear friend Julia Vogler and\u00a0<\/span><span class=\"auto-style1\">ihren Papirunners zur Eurodogshow. Ich hatte die Ehre und durfte ihre Phalene H\u00fcndinn Caramel Creme ausstellen. Hier ein Schnappschuss von uns \ud83d\ude42<\/span><\/p>\n<p><img decoding=\"async\" loading=\"lazy\" class=\"wp-image-690 aligncenter\" src=\"http:\/\/la-montez-papillons.de.w016d93c.kasserver.com\/de\/wp-content\/uploads\/2017\/07\/Caramel.jpeg\" alt=\"\" width=\"400\" height=\"457\" srcset=\"https:\/\/la-montez.de\/wp-content\/uploads\/2017\/07\/Caramel.jpeg 437w, https:\/\/la-montez.de\/wp-content\/uploads\/2017\/07\/Caramel-262x300.jpeg 262w\" sizes=\"(max-width: 400px) 100vw, 400px\" \/><\/p>\n<p>&nbsp;<\/p>\n<p style=\"text-align: center;\">After a clinical review from a VDH vet for PL<br \/>\nour Sweet little Butterfly Iwein is out for breeding.<br \/>\nHe is now 7 years old and have on the left side<br \/>\nnow PL but it is good to know that he will have no pain problems. Ofcours I informed all breeders about his new PL examination.<br \/>\nHis offsprings who are in a breeding program,<br \/>\nall free of PL this time.<\/p>\n<p>&nbsp;<\/p>\n<p style=\"text-align: center;\">Gigolo de La Montez at his Familie Nonella, thank you so much for this lovely pic!<\/p>\n<p><img decoding=\"async\" loading=\"lazy\" class=\"wp-image-691 aligncenter\" src=\"http:\/\/la-montez-papillons.de.w016d93c.kasserver.com\/de\/wp-content\/uploads\/2017\/07\/GrandGigolo13W-1.jpg\" alt=\"\" width=\"352\" height=\"382\" srcset=\"https:\/\/la-montez.de\/wp-content\/uploads\/2017\/07\/GrandGigolo13W-1.jpg 468w, https:\/\/la-montez.de\/wp-content\/uploads\/2017\/07\/GrandGigolo13W-1-276x300.jpg 276w\" sizes=\"(max-width: 352px) 100vw, 352px\" \/><\/p>\n<p>&nbsp;<\/p>\n<p style=\"text-align: center;\">A pic from our Ginette de La Montez from Lithuania, thank you Diana Kairiene.<\/p>\n<p><img decoding=\"async\" loading=\"lazy\" class=\"size-full wp-image-692 aligncenter\" src=\"http:\/\/la-montez-papillons.de.w016d93c.kasserver.com\/de\/wp-content\/uploads\/2017\/07\/Ginette15W-1.jpg\" alt=\"\" width=\"376\" height=\"565\" srcset=\"https:\/\/la-montez.de\/wp-content\/uploads\/2017\/07\/Ginette15W-1.jpg 376w, https:\/\/la-montez.de\/wp-content\/uploads\/2017\/07\/Ginette15W-1-200x300.jpg 200w\" sizes=\"(max-width: 376px) 100vw, 376px\" \/><\/p>\n<p style=\"text-align: center;\">A new pic from Ginger de La Montez,  she is living at the well known Kennel Lamonia\u00b4s in Sweden.\nThank you Inga-Lill Stener for the pid!<\/p>\n<p><img decoding=\"async\" loading=\"lazy\" class=\"alignnone size-full wp-image-693 aligncenter\" src=\"http:\/\/la-montez-papillons.de.w016d93c.kasserver.com\/de\/wp-content\/uploads\/2017\/07\/Ginger14W-1.jpg\" alt=\"\" width=\"419\" height=\"305\" srcset=\"https:\/\/la-montez.de\/wp-content\/uploads\/2017\/07\/Ginger14W-1.jpg 419w, https:\/\/la-montez.de\/wp-content\/uploads\/2017\/07\/Ginger14W-1-300x218.jpg 300w\" sizes=\"(max-width: 419px) 100vw, 419px\" \/><\/p>\n<p>&nbsp;<\/p>\n<p style=\"text-align: center;\">My little Grand Gigolo turned in his new home,<br \/>\nI wish family Nonella much fun with this little angel.<\/p>\n<p style=\"text-align: center;\">\n<p style=\"text-align: center;\">Nice show in Luxembourg. Yukatan got V2 and Simplynice Holly won the youth class and is Luxembourg junior Champion now.<\/p>\n<p style=\"text-align: center;\">\n<p style=\"text-align: center;\">A nice show weekend again.<br \/>\nAt the Winner show Leipzig my Contessa did a good job, she got V2 and V3. \nI had to say good bye to my little Ginette,<br \/>\nshe went to her new owner and is on the way to Lithuania.<\/p>\n<p style=\"text-align: center;\">On 5.06 Maisy get brith to three little angels. I\u00b4m so proud of her,<br \/>\nshe get\u00b4s them without any problems.<br \/>\n<img decoding=\"async\" loading=\"lazy\" class=\"size-full wp-image-694 aligncenter\" src=\"http:\/\/la-montez-papillons.de.w016d93c.kasserver.com\/de\/wp-content\/uploads\/2017\/07\/Alle-2Wochen.jpg\" alt=\"\" width=\"552\" height=\"350\" srcset=\"https:\/\/la-montez.de\/wp-content\/uploads\/2017\/07\/Alle-2Wochen.jpg 552w, https:\/\/la-montez.de\/wp-content\/uploads\/2017\/07\/Alle-2Wochen-300x190.jpg 300w\" sizes=\"(max-width: 552px) 100vw, 552px\" \/><\/p>\n<p style=\"text-align: center;\">A new Champion at the La Montez Kennel!!<br \/>\nDisaster Red Rose (Didy) is now swedish Champion!! Thank you Michaela Larsson!!<\/p>\n<p>\u00a0<img decoding=\"async\" loading=\"lazy\" class=\"size-full wp-image-718 aligncenter\" src=\"http:\/\/la-montez-papillons.de.w016d93c.kasserver.com\/de\/wp-content\/uploads\/2017\/07\/Swedishch.jpg\" alt=\"\" width=\"360\" height=\"660\" srcset=\"https:\/\/la-montez.de\/wp-content\/uploads\/2017\/07\/Swedishch.jpg 360w, https:\/\/la-montez.de\/wp-content\/uploads\/2017\/07\/Swedishch-164x300.jpg 164w\" sizes=\"(max-width: 360px) 100vw, 360px\" \/><\/p>\n<p>&nbsp;<\/p>\n<p style=\"text-align: center;\">Ellyas de La Montez won again a show in Sweden!! I\u00b4m so proud of him!!<\/p>\n<p style=\"text-align: center;\"><img decoding=\"async\" loading=\"lazy\" class=\"wp-image-695 aligncenter\" src=\"http:\/\/la-montez-papillons.de.w016d93c.kasserver.com\/de\/wp-content\/uploads\/2017\/07\/Ellyas.Schweden.jpg\" alt=\"\" width=\"399\" height=\"560\" srcset=\"https:\/\/la-montez.de\/wp-content\/uploads\/2017\/07\/Ellyas.Schweden.jpg 492w, https:\/\/la-montez.de\/wp-content\/uploads\/2017\/07\/Ellyas.Schweden-214x300.jpg 214w\" sizes=\"(max-width: 399px) 100vw, 399px\" \/><br \/>\nThank you Linda Erikson for this success!!<\/p>\n<p style=\"text-align: center;\">\n<p style=\"text-align: center;\">Welcome Simplynice Holly!<br \/>\nThank you Gabriele Schulzle for her!<\/p>\n<p><img decoding=\"async\" loading=\"lazy\" class=\"wp-image-696 aligncenter\" src=\"http:\/\/la-montez-papillons.de.w016d93c.kasserver.com\/de\/wp-content\/uploads\/2017\/07\/Holly5M.8.jpg.jpg\" alt=\"\" width=\"351\" height=\"330\" srcset=\"https:\/\/la-montez.de\/wp-content\/uploads\/2017\/07\/Holly5M.8.jpg.jpg 452w, https:\/\/la-montez.de\/wp-content\/uploads\/2017\/07\/Holly5M.8.jpg-300x282.jpg 300w\" sizes=\"(max-width: 351px) 100vw, 351px\" \/><\/p>\n<p>&nbsp;<\/p>\n<p style=\"text-align: center;\">\nSo hard to say good bye to our guest,<br \/>\nI\u00b4m happy to see him again next year<br \/>\nto finish his Champion titels.<\/p>\n<p style=\"text-align: center;\"><img decoding=\"async\" loading=\"lazy\" class=\"wp-image-697 aligncenter\" src=\"http:\/\/la-montez-papillons.de.w016d93c.kasserver.com\/de\/wp-content\/uploads\/2017\/07\/NonStop.jpg\" alt=\"\" width=\"585\" height=\"493\" srcset=\"https:\/\/la-montez.de\/wp-content\/uploads\/2017\/07\/NonStop.jpg 761w, https:\/\/la-montez.de\/wp-content\/uploads\/2017\/07\/NonStop-300x253.jpg 300w\" sizes=\"(max-width: 585px) 100vw, 585px\" \/><br \/>\nNow he is International Champion of Beauty, and we will finish the german Club Champion, the german Champion and the austrian Champion after the waiting time.<\/p>\n<p style=\"text-align: center;\">\n<p style=\"text-align: center;\">6.04. CaCib Salzburg:<br \/>\nContessa got her fist CAC so now the waiting time is running for the austrian Champion.<br \/>\nFor my guest Keramet\u00b4s Extreme Secret it was the last show together. We finished the austrian Champion.<\/p>\n<p style=\"text-align: center;\">\n<p style=\"text-align: center;\">New pics from Festus and his best friend.<\/p>\n<p><img decoding=\"async\" loading=\"lazy\" class=\"wp-image-698 aligncenter\" src=\"http:\/\/la-montez-papillons.de.w016d93c.kasserver.com\/de\/wp-content\/uploads\/2017\/07\/Festus1Jahr1-1.jpg\" alt=\"\" width=\"611\" height=\"410\" srcset=\"https:\/\/la-montez.de\/wp-content\/uploads\/2017\/07\/Festus1Jahr1-1.jpg 974w, https:\/\/la-montez.de\/wp-content\/uploads\/2017\/07\/Festus1Jahr1-1-300x201.jpg 300w, https:\/\/la-montez.de\/wp-content\/uploads\/2017\/07\/Festus1Jahr1-1-768x516.jpg 768w\" sizes=\"(max-width: 611px) 100vw, 611px\" \/><\/p>\n<p>&nbsp;<\/p>\n<p style=\"text-align: center;\">Time fly\u00b4s, our E litter is now 12 month old,<br \/>\nI\u00b4m always happy to hear a new story about my offsprings.<\/p>\n<p style=\"text-align: center;\">Ellyas de La Montez is living in Sweden and got tested for PL and PRA and is free!!<br \/>\n<img decoding=\"async\" loading=\"lazy\" class=\"size-full wp-image-699 aligncenter\" src=\"http:\/\/la-montez-papillons.de.w016d93c.kasserver.com\/de\/wp-content\/uploads\/2017\/07\/Ellyas1Jahr-1.jpg\" alt=\"\" width=\"383\" height=\"267\" srcset=\"https:\/\/la-montez.de\/wp-content\/uploads\/2017\/07\/Ellyas1Jahr-1.jpg 383w, https:\/\/la-montez.de\/wp-content\/uploads\/2017\/07\/Ellyas1Jahr-1-300x209.jpg 300w\" sizes=\"(max-width: 383px) 100vw, 383px\" \/><img width=\"334\" height=\"235\" \/><\/p>\n<p style=\"text-align: center;\">Eldorado de La Montez is living in Slovenia<br \/>\n<img width=\"307\" height=\"257\" \/><img decoding=\"async\" loading=\"lazy\" class=\"wp-image-700 aligncenter\" src=\"http:\/\/la-montez-papillons.de.w016d93c.kasserver.com\/de\/wp-content\/uploads\/2017\/07\/Eldorado1Jahr1-1.jpeg\" alt=\"\" width=\"601\" height=\"484\" srcset=\"https:\/\/la-montez.de\/wp-content\/uploads\/2017\/07\/Eldorado1Jahr1-1.jpeg 928w, https:\/\/la-montez.de\/wp-content\/uploads\/2017\/07\/Eldorado1Jahr1-1-300x242.jpeg 300w, https:\/\/la-montez.de\/wp-content\/uploads\/2017\/07\/Eldorado1Jahr1-1-768x619.jpeg 768w\" sizes=\"(max-width: 601px) 100vw, 601px\" \/><\/p>\n<p style=\"text-align: center;\">Emilio de La Montez &#8220;Pauli&#8221; lebt in K\u00f6ln<\/p>\n<p><img decoding=\"async\" loading=\"lazy\" class=\"size-full wp-image-701 aligncenter\" src=\"http:\/\/la-montez-papillons.de.w016d93c.kasserver.com\/de\/wp-content\/uploads\/2017\/07\/Emilio1Jahr-1.jpeg\" alt=\"\" width=\"359\" height=\"479\" srcset=\"https:\/\/la-montez.de\/wp-content\/uploads\/2017\/07\/Emilio1Jahr-1.jpeg 359w, https:\/\/la-montez.de\/wp-content\/uploads\/2017\/07\/Emilio1Jahr-1-225x300.jpeg 225w\" sizes=\"(max-width: 359px) 100vw, 359px\" \/><\/p>\n<p>&nbsp;<\/p>","protected":false},"excerpt":{"rendered":"<p>Unser Festus im M\u00e4rz dann 2 Jahre alt.\u00a0Vielen lieben Dank Doreen f\u00fcr das neue Bild! &nbsp; Unsere Sweet little Butterfly Maisy hat ihre Seniorenresidenz\u00a0bezogen und wird nun t\u00e4glich bekocht so wie es einer\u00a0K\u00f6nigin geb\u00fchrt. Auf dem Bild, Frauchen und Gassi Kammeraden. Vielen lieben Dank Ingrid Wolters f\u00fcr das Bild!\u00a0Ein toller Ausflug mit meiner Freundin Julia &#8230; <a title=\"2014\" class=\"read-more\" href=\"https:\/\/la-montez.de\/en\/2014-2\/\" aria-label=\"More on 2014\">Read more<\/a><\/p>","protected":false},"author":1,"featured_media":0,"parent":0,"menu_order":0,"comment_status":"closed","ping_status":"closed","template":"","meta":{"_custom_body_class":"","_custom_post_class":""},"_links":{"self":[{"href":"https:\/\/la-montez.de\/en\/wp-json\/wp\/v2\/pages\/632"}],"collection":[{"href":"https:\/\/la-montez.de\/en\/wp-json\/wp\/v2\/pages"}],"about":[{"href":"https:\/\/la-montez.de\/en\/wp-json\/wp\/v2\/types\/page"}],"author":[{"embeddable":true,"href":"https:\/\/la-montez.de\/en\/wp-json\/wp\/v2\/users\/1"}],"replies":[{"embeddable":true,"href":"https:\/\/la-montez.de\/en\/wp-json\/wp\/v2\/comments?post=632"}],"version-history":[{"count":3,"href":"https:\/\/la-montez.de\/en\/wp-json\/wp\/v2\/pages\/632\/revisions"}],"predecessor-version":[{"id":727,"href":"https:\/\/la-montez.de\/en\/wp-json\/wp\/v2\/pages\/632\/revisions\/727"}],"wp:attachment":[{"href":"https:\/\/la-montez.de\/en\/wp-json\/wp\/v2\/media?parent=632"}],"curies":[{"name":"wp","href":"https:\/\/api.w.org\/{rel}","templated":true}]}}

<p style="text-align: center;">Our Festus got 2 years in March. Thank you Doreen for the nice pic.</p>
<p><img decoding="async" loading="lazy" class="size-full wp-image-688 aligncenter" src="http://la-montez-papillons.de.w016d93c.kasserver.com/de/wp-content/uploads/2017/07/Festus2J-1.jpg-1.jpg" alt="" width="576" height="344" srcset="https://la-montez.de/wp-content/uploads/2017/07/Festus2J-1.jpg-1.jpg 576w, https://la-montez.de/wp-content/uploads/2017/07/Festus2J-1.jpg-1-300x179.jpg 300w" sizes="(max-width: 576px) 100vw, 576px" /></p>
<p>&nbsp;</p>
<p style="text-align: center;">Our Sweet little Butterfly Maisy went to her senior residence. Now she get daily cooked meals and her own human like a queen it needs.
At the pic her new owner and<br />
some walking friends.</p>
<p style="text-align: center;"><img decoding="async" loading="lazy" class="wp-image-689 aligncenter" src="http://la-montez-papillons.de.w016d93c.kasserver.com/de/wp-content/uploads/2017/07/Maisy.jpg" alt="" width="626" height="835" srcset="https://la-montez.de/wp-content/uploads/2017/07/Maisy.jpg 600w, https://la-montez.de/wp-content/uploads/2017/07/Maisy-225x300.jpg 225w, https://la-montez.de/wp-content/uploads/2017/07/Maisy-768x1024.jpg 768w" sizes="(max-width: 626px) 100vw, 626px" /><br />
<img width="307" height="404" /><br />
Thank you Ingrid for the nice pic! <span class="auto-style1">A nice trip with my dear friend Julia Vogler and </span><span class="auto-style1">ihren Papirunners zur Eurodogshow. Ich hatte die Ehre und durfte ihre Phalene Hündinn Caramel Creme ausstellen. Hier ein Schnappschuss von uns 🙂</span></p>
<p><img decoding="async" loading="lazy" class="wp-image-690 aligncenter" src="http://la-montez-papillons.de.w016d93c.kasserver.com/de/wp-content/uploads/2017/07/Caramel.jpeg" alt="" width="400" height="457" srcset="https://la-montez.de/wp-content/uploads/2017/07/Caramel.jpeg 437w, https://la-montez.de/wp-content/uploads/2017/07/Caramel-262x300.jpeg 262w" sizes="(max-width: 400px) 100vw, 400px" /></p>
<p>&nbsp;</p>
<p style="text-align: center;">After a clinical review from a VDH vet for PL<br />
our Sweet little Butterfly Iwein is out for breeding.<br />
He is now 7 years old and have on the left side<br />
now PL but it is good to know that he will have no pain problems. Ofcours I informed all breeders about his new PL examination.<br />
His offsprings who are in a breeding program,<br />
all free of PL this time.</p>
<p>&nbsp;</p>
<p style="text-align: center;">Gigolo de La Montez at his Familie Nonella, thank you so much for this lovely pic!</p>
<p><img decoding="async" loading="lazy" class="wp-image-691 aligncenter" src="http://la-montez-papillons.de.w016d93c.kasserver.com/de/wp-content/uploads/2017/07/GrandGigolo13W-1.jpg" alt="" width="352" height="382" srcset="https://la-montez.de/wp-content/uploads/2017/07/GrandGigolo13W-1.jpg 468w, https://la-montez.de/wp-content/uploads/2017/07/GrandGigolo13W-1-276x300.jpg 276w" sizes="(max-width: 352px) 100vw, 352px" /></p>
<p>&nbsp;</p>
<p style="text-align: center;">A pic from our Ginette de La Montez from Lithuania, thank you Diana Kairiene.</p>
<p><img decoding="async" loading="lazy" class="size-full wp-image-692 aligncenter" src="http://la-montez-papillons.de.w016d93c.kasserver.com/de/wp-content/uploads/2017/07/Ginette15W-1.jpg" alt="" width="376" height="565" srcset="https://la-montez.de/wp-content/uploads/2017/07/Ginette15W-1.jpg 376w, https://la-montez.de/wp-content/uploads/2017/07/Ginette15W-1-200x300.jpg 200w" sizes="(max-width: 376px) 100vw, 376px" /></p>
<p style="text-align: center;">A new pic from Ginger de La Montez,  she is living at the well known Kennel Lamonia´s in Sweden.
Thank you Inga-Lill Stener for the pid!</p>
<p><img decoding="async" loading="lazy" class="alignnone size-full wp-image-693 aligncenter" src="http://la-montez-papillons.de.w016d93c.kasserver.com/de/wp-content/uploads/2017/07/Ginger14W-1.jpg" alt="" width="419" height="305" srcset="https://la-montez.de/wp-content/uploads/2017/07/Ginger14W-1.jpg 419w, https://la-montez.de/wp-content/uploads/2017/07/Ginger14W-1-300x218.jpg 300w" sizes="(max-width: 419px) 100vw, 419px" /></p>
<p>&nbsp;</p>
<p style="text-align: center;">My little Grand Gigolo turned in his new home,<br />
I wish family Nonella much fun with this little angel.</p>
<p style="text-align: center;">
<p style="text-align: center;">Nice show in Luxembourg. Yukatan got V2 and Simplynice Holly won the youth class and is Luxembourg junior Champion now.</p>
<p style="text-align: center;">
<p style="text-align: center;">A nice show weekend again.<br />
At the Winner show Leipzig my Contessa did a good job, she got V2 and V3. 
I had to say good bye to my little Ginette,<br />
she went to her new owner and is on the way to Lithuania.</p>
<p style="text-align: center;">On 5.06 Maisy get brith to three little angels. I´m so proud of her,<br />
she get´s them without any problems.<br />
<img decoding="async" loading="lazy" class="size-full wp-image-694 aligncenter" src="http://la-montez-papillons.de.w016d93c.kasserver.com/de/wp-content/uploads/2017/07/Alle-2Wochen.jpg" alt="" width="552" height="350" srcset="https://la-montez.de/wp-content/uploads/2017/07/Alle-2Wochen.jpg 552w, https://la-montez.de/wp-content/uploads/2017/07/Alle-2Wochen-300x190.jpg 300w" sizes="(max-width: 552px) 100vw, 552px" /></p>
<p style="text-align: center;">A new Champion at the La Montez Kennel!!<br />
Disaster Red Rose (Didy) is now swedish Champion!! Thank you Michaela Larsson!!</p>
<p> <img decoding="async" loading="lazy" class="size-full wp-image-718 aligncenter" src="http://la-montez-papillons.de.w016d93c.kasserver.com/de/wp-content/uploads/2017/07/Swedishch.jpg" alt="" width="360" height="660" srcset="https://la-montez.de/wp-content/uploads/2017/07/Swedishch.jpg 360w, https://la-montez.de/wp-content/uploads/2017/07/Swedishch-164x300.jpg 164w" sizes="(max-width: 360px) 100vw, 360px" /></p>
<p>&nbsp;</p>
<p style="text-align: center;">Ellyas de La Montez won again a show in Sweden!! I´m so proud of him!!</p>
<p style="text-align: center;"><img decoding="async" loading="lazy" class="wp-image-695 aligncenter" src="http://la-montez-papillons.de.w016d93c.kasserver.com/de/wp-content/uploads/2017/07/Ellyas.Schweden.jpg" alt="" width="399" height="560" srcset="https://la-montez.de/wp-content/uploads/2017/07/Ellyas.Schweden.jpg 492w, https://la-montez.de/wp-content/uploads/2017/07/Ellyas.Schweden-214x300.jpg 214w" sizes="(max-width: 399px) 100vw, 399px" /><br />
Thank you Linda Erikson for this success!!</p>
<p style="text-align: center;">
<p style="text-align: center;">Welcome Simplynice Holly!<br />
Thank you Gabriele Schulzle for her!</p>
<p><img decoding="async" loading="lazy" class="wp-image-696 aligncenter" src="http://la-montez-papillons.de.w016d93c.kasserver.com/de/wp-content/uploads/2017/07/Holly5M.8.jpg.jpg" alt="" width="351" height="330" srcset="https://la-montez.de/wp-content/uploads/2017/07/Holly5M.8.jpg.jpg 452w, https://la-montez.de/wp-content/uploads/2017/07/Holly5M.8.jpg-300x282.jpg 300w" sizes="(max-width: 351px) 100vw, 351px" /></p>
<p>&nbsp;</p>
<p style="text-align: center;">
So hard to say good bye to our guest,<br />
I´m happy to see him again next year<br />
to finish his Champion titels.</p>
<p style="text-align: center;"><img decoding="async" loading="lazy" class="wp-image-697 aligncenter" src="http://la-montez-papillons.de.w016d93c.kasserver.com/de/wp-content/uploads/2017/07/NonStop.jpg" alt="" width="585" height="493" srcset="https://la-montez.de/wp-content/uploads/2017/07/NonStop.jpg 761w, https://la-montez.de/wp-content/uploads/2017/07/NonStop-300x253.jpg 300w" sizes="(max-width: 585px) 100vw, 585px" /><br />
Now he is International Champion of Beauty, and we will finish the german Club Champion, the german Champion and the austrian Champion after the waiting time.</p>
<p style="text-align: center;">
<p style="text-align: center;">6.04. CaCib Salzburg:<br />
Contessa got her fist CAC so now the waiting time is running for the austrian Champion.<br />
For my guest Keramet´s Extreme Secret it was the last show together. We finished the austrian Champion.</p>
<p style="text-align: center;">
<p style="text-align: center;">New pics from Festus and his best friend.</p>
<p><img decoding="async" loading="lazy" class="wp-image-698 aligncenter" src="http://la-montez-papillons.de.w016d93c.kasserver.com/de/wp-content/uploads/2017/07/Festus1Jahr1-1.jpg" alt="" width="611" height="410" srcset="https://la-montez.de/wp-content/uploads/2017/07/Festus1Jahr1-1.jpg 974w, https://la-montez.de/wp-content/uploads/2017/07/Festus1Jahr1-1-300x201.jpg 300w, https://la-montez.de/wp-content/uploads/2017/07/Festus1Jahr1-1-768x516.jpg 768w" sizes="(max-width: 611px) 100vw, 611px" /></p>
<p>&nbsp;</p>
<p style="text-align: center;">Time fly´s, our E litter is now 12 month old,<br />
I´m always happy to hear a new story about my offsprings.</p>
<p style="text-align: center;">Ellyas de La Montez is living in Sweden and got tested for PL and PRA and is free!!<br />
<img decoding="async" loading="lazy" class="size-full wp-image-699 aligncenter" src="http://la-montez-papillons.de.w016d93c.kasserver.com/de/wp-content/uploads/2017/07/Ellyas1Jahr-1.jpg" alt="" width="383" height="267" srcset="https://la-montez.de/wp-content/uploads/2017/07/Ellyas1Jahr-1.jpg 383w, https://la-montez.de/wp-content/uploads/2017/07/Ellyas1Jahr-1-300x209.jpg 300w" sizes="(max-width: 383px) 100vw, 383px" /><img width="334" height="235" /></p>
<p style="text-align: center;">Eldorado de La Montez is living in Slovenia<br />
<img width="307" height="257" /><img decoding="async" loading="lazy" class="wp-image-700 aligncenter" src="http://la-montez-papillons.de.w016d93c.kasserver.com/de/wp-content/uploads/2017/07/Eldorado1Jahr1-1.jpeg" alt="" width="601" height="484" srcset="https://la-montez.de/wp-content/uploads/2017/07/Eldorado1Jahr1-1.jpeg 928w, https://la-montez.de/wp-content/uploads/2017/07/Eldorado1Jahr1-1-300x242.jpeg 300w, https://la-montez.de/wp-content/uploads/2017/07/Eldorado1Jahr1-1-768x619.jpeg 768w" sizes="(max-width: 601px) 100vw, 601px" /></p>
<p style="text-align: center;">Emilio de La Montez &#8220;Pauli&#8221; lebt in Köln</p>
<p><img decoding="async" loading="lazy" class="size-full wp-image-701 aligncenter" src="http://la-montez-papillons.de.w016d93c.kasserver.com/de/wp-content/uploads/2017/07/Emilio1Jahr-1.jpeg" alt="" width="359" height="479" srcset="https://la-montez.de/wp-content/uploads/2017/07/Emilio1Jahr-1.jpeg 359w, https://la-montez.de/wp-content/uploads/2017/07/Emilio1Jahr-1-225x300.jpeg 225w" sizes="(max-width: 359px) 100vw, 359px" /></p>
<p>&nbsp;</p>

<p>Unser Festus im März dann 2 Jahre alt. Vielen lieben Dank Doreen für das neue Bild! &nbsp; Unsere Sweet little Butterfly Maisy hat ihre Seniorenresidenz bezogen und wird nun täglich bekocht so wie es einer Königin gebührt. Auf dem Bild, Frauchen und Gassi Kammeraden. Vielen lieben Dank Ingrid Wolters für das Bild! Ein toller Ausflug mit meiner Freundin Julia &#8230; <a title="2014" class="read-more" href="https://la-montez.de/en/2014-2/" aria-label="More on 2014">Read more</a></p>
